{"id":201,"date":"2016-07-04T21:24:23","date_gmt":"2016-07-04T21:24:23","guid":{"rendered":"http:\/\/parlamentoveneto.org\/cms\/?page_id=201"},"modified":"2016-07-04T21:34:08","modified_gmt":"2016-07-04T21:34:08","slug":"delegazione-dei-dieci","status":"publish","type":"page","link":"https:\/\/parlamentoveneto.org\/cms\/delegazione-dei-dieci\/","title":{"rendered":"Delegazione dei Dieci"},"content":{"rendered":"<h2>Delegazione dei Dieci della Repubblica Veneta<\/h2>\n<p><a href=\"http:\/\/www.plebiscito.eu\/wp-content\/uploads\/2014\/03\/treviso-31.jpg\"><img loading=\"lazy\" decoding=\"async\" class=\"alignright size-medium wp-image-742\" src=\"http:\/\/www.plebiscito.eu\/wp-content\/uploads\/2014\/03\/treviso-31-300x128.jpg\" alt=\"treviso-3\" width=\"300\" height=\"128\" \/><\/a>La Delegazione dei Dieci \u00e8 il primo organo istituzionale legittimo della Repubblica Veneta e ne costituisce la pi\u00f9 alta magistratura politica. Si \u00e8 insediata\u00a0il 21 marzo 2014 a Treviso, in seguito alla proclamazione dei risultati del Referendum di indipendenza del Veneto del 16-21 marzo 2014.<\/p>\n<p>L&#8217;insediamento della Delegazione dei Dieci avviene in applicazione dell&#8217;art. 11 del <a href=\"http:\/\/www.plebiscito.eu\/wp-content\/uploads\/2014\/03\/Schema_Giunta_Plebiscito_Comunale_Digitale.pdf\">Regolamento Generale del Plebiscito Digitale<\/a>, cos\u00ec come inviato e proposto all&#8217;approvazione di tutti i Comuni del Veneto.<\/p>\n<p><strong>Riunioni della Delegazione dei 10:<\/strong><\/p>\n<ul>\n<li><a href=\"http:\/\/blog.plebiscito.eu\/repubblica-veneta\/delegazione-dei-10\/compatibilita-tra-istituzioni-della-repubblica-veneta\/\" target=\"_blank\">Digital Network, 30 maggio-1\u00b0 giugno 2016<\/a><\/li>\n<li>Villorba, 29 gennaio 2016 (2015 <em>more Veneto<\/em>)<\/li>\n<li><a href=\"http:\/\/blog.plebiscito.eu\/repubblica-veneta\/governo-provvisorio-della-repubblica-veneta\/ampliamento-governo-provvisorio\/\">Preganziol, 11 dicembre 2015<\/a><\/li>\n<li>Noventa di Piave, 11 settembre 2015<\/li>\n<li><a href=\"http:\/\/blog.plebiscito.eu\/repubblica-veneta\/delegazione-dei-10\/commissione-elettorale-federale\/\">Treviso, 16 giugno 2015<\/a><\/li>\n<li><a href=\"http:\/\/blog.plebiscito.eu\/repubblica-veneta\/delegazione-dei-10\/protocollo-di-intesa-sul-plebiscito-digitale\/\">Treviso, 28 maggio 2015<\/a><\/li>\n<li><a href=\"http:\/\/www.plebiscito.eu\/news\/elezioni-del-parlamento-veneto-nominata-la-commissione-elettorale\/\">Treviso, 17 febbraio 2015<\/a> (2014 <em>more Veneto<\/em>)<\/li>\n<li><a href=\"http:\/\/www.plebiscito.eu\/news\/nascono-il-parlamento-e-il-governo-provvisorio-della-repubblica-veneta-elezioni-politiche-il-15-20-marzo-2015\/\">Treviso, 2 gennaio 2015<\/a> (2014 <em>more Veneto<\/em>)<\/li>\n<li>Scorz\u00e8, 22 dicembre 2014<\/li>\n<li>Treviso, 21 ottobre 2014<\/li>\n<li><a href=\"http:\/\/www.plebiscito.eu\/repubblica-veneta\/delegazione-dei-10\/lindipendenza-della-repubblica-veneta-nella-modernita\/\">Treviso, 12 settembre 2014<\/a><\/li>\n<li>Padova, 5 agosto 2014<\/li>\n<li>Padova, 14 luglio 2014<\/li>\n<li><a href=\"http:\/\/www.plebiscito.eu\/repubblica-veneta\/delegazione-dei-10\/deleghe-operative-e-funzionali\/\">Padova, 24 giugno 2014<\/a><\/li>\n<li><a href=\"http:\/\/www.plebiscito.eu\/repubblica-veneta\/delegazione-dei-10\/elezioni-politiche-della-repubblica-veneta\/\">Padova, 18 giugno 2014<\/a><\/li>\n<li><a href=\"http:\/\/www.plebiscito.eu\/repubblica-veneta\/delegazione-dei-10\/presidente-della-delegazione-dei-dieci\/\">Padova, 24 maggio 2014<\/a><\/li>\n<li><a href=\"http:\/\/www.plebiscito.eu\/repubblica-veneta\/delegazione-dei-10\/bollettino-ufficiale-telematico-della-repubblica-veneta\/\">Padova, 7 maggio 2014<\/a><\/li>\n<li><a href=\"http:\/\/blog.plebiscito.eu\/repubblica-veneta\/tesoreria-2\/\">Padova, 22 aprile 2014<\/a><\/li>\n<li>Padova, 8 aprile 2014 [omissis]<\/li>\n<li>Padova, 1\u00b0 aprile 2014 [omissis]<\/li>\n<li><a href=\"http:\/\/www.plebiscito.eu\/news\/sappada-delegazione-dei-dieci-presenta-roadmap-verso-lassemblea-costituente-del-veneto\/\">Sappada &#8211; Plodn, 29 marzo 2014<\/a><\/li>\n<li><a href=\"http:\/\/www.plebiscito.eu\/news\/la-delegazione-dei-dieci-della-repubblica-veneta-approva-il-decreto-di-esenzione-fiscale-totale-nel-periodo-di-transizione\/\">Padova, 24 marzo 2014<\/a><\/li>\n<\/ul>\n<p><strong>Decreti della Delegazione dei 10:<\/strong><\/p>\n<ol>\n<li><a href=\"http:\/\/www.plebiscito.eu\/repubblica-veneta\/delegazione-dei-10\/esenzione-fiscale-totale\/\">Esenzione Fiscale Totale, 24 marzo 2014<\/a><\/li>\n<li><a href=\"http:\/\/www.plebiscito.eu\/delegazione-dei-10\/tesoreria\/\">Istituzione della Tesoreria della Repubblica Veneta, 22 aprile 2014<\/a><\/li>\n<li><a href=\"http:\/\/www.plebiscito.eu\/repubblica-veneta\/delegazione-dei-10\/elezioni-politiche-della-repubblica-veneta\/\">Elezioni Politiche della Repubblica Veneta, 18 giugno 2014<\/a><\/li>\n<li><a href=\"http:\/\/www.plebiscito.eu\/repubblica-veneta\/delegazione-dei-10\/dipartimenti-della-repubblica-veneta\/\">Dipartimenti della Repubblica Veneta, 2 luglio 2014 (e successive modifiche)<\/a><\/li>\n<li><a href=\"http:\/\/www.plebiscito.eu\/repubblica-veneta\/delegazione-dei-10\/conti-bancari-della-repubblica-veneta\/\">Conti Bancari della Repubblica Veneta, 12 settembre 2014<\/a><\/li>\n<li><a href=\"http:\/\/www.plebiscito.eu\/repubblica-veneta\/delegazione-dei-10\/rinnovo-collegio-di-tesoreria-della-repubblica-veneta\/\">Rinnovo Collegio di Tesoreria della Repubblica Veneta, 12 settembre 2014<\/a><\/li>\n<\/ol>\n<p><strong>Risoluzioni della Delegazione dei 10:<\/strong><\/p>\n<ol>\n<li><a href=\"http:\/\/www.plebiscito.eu\/delegazione-dei-10\/non-si-imprigionano-le-idee\/\">&#8220;Non si imprigionano le idee&#8221;, 14 aprile 2014<\/a><\/li>\n<li><a href=\"http:\/\/www.plebiscito.eu\/wp-content\/uploads\/2014\/03\/RV-R2-2014.pdf\" target=\"_blank\">&#8220;L&#8217;Indipendenza della Repubblica Veneta nella Modernit\u00e0&#8221;, 12 settembre 2014<\/a><\/li>\n<\/ol>\n<p><strong>Deliberazioni\u00a0della Delegazione dei 10:<\/strong><\/p>\n<p style=\"text-align: center;\">2016<\/p>\n<ol>\n<li style=\"text-align: left;\"><a href=\"http:\/\/blog.plebiscito.eu\/repubblica-veneta\/delegazione-dei-10\/compatibilita-tra-istituzioni-della-repubblica-veneta\/\" target=\"_blank\">Compatibilit\u00e0 tra Istituzioni della Repubblica Veneta<\/a><\/li>\n<\/ol>\n<p style=\"text-align: center;\">2015<\/p>\n<ol>\n<li><a href=\"http:\/\/www.plebiscito.eu\/repubblica-veneta\/delegazione-dei-10\/principi-della-repubblica-veneta\/\">Principi della Repubblica Veneta<\/a><\/li>\n<li><a href=\"http:\/\/www.plebiscito.eu\/repubblica-veneta\/delegazione-dei-10\/organi-istituzionali-legislativi-ed-esecutivi-della-repubblica-veneta\/\">Organi istituzionali legislativi ed esecutivi della Repubblica Veneta<\/a><\/li>\n<li><a href=\"http:\/\/www.plebiscito.eu\/repubblica-veneta\/delegazione-dei-10\/legge-elettorale-per-lelezione-del-parlamento-provvisorio-della-repubblica-veneta\/\">Legge elettorale per l&#8217;elezione del Parlamento Provvisorio della Repubblica Veneta<\/a><\/li>\n<li><a href=\"http:\/\/www.plebiscito.eu\/wp-content\/uploads\/2015\/02\/RV-del4-20151.pdf\" target=\"_blank\">Emendamenti alla\u00a0Legge elettorale per l&#8217;elezione del Parlamento Provvisorio della Repubblica Veneta<\/a><\/li>\n<li><a href=\"http:\/\/www.plebiscito.eu\/repubblica-veneta\/delegazione-dei-10\/legge-elettorale-per-lelezione-del-parlamento-provvisorio-della-repubblica-veneta\/commissione-elettorale-per-lelezione-del-parlamento-provvisorio-della-repubblica-veneta\/\" target=\"_blank\">Nomina Commissione Elettorale\u00a0per l&#8217;elezione del Parlamento Provvisorio della Repubblica Veneta<\/a><\/li>\n<li><a href=\"http:\/\/www.plebiscito.eu\/wp-content\/uploads\/2015\/02\/RV-del6-2015.pdf\" target=\"_blank\">Emendamenti alla\u00a0Legge elettorale per l&#8217;elezione del Parlamento Provvisorio della Repubblica Veneta<\/a><\/li>\n<li><a href=\"http:\/\/blog.plebiscito.eu\/repubblica-veneta\/delegazione-dei-10\/protocollo-di-intesa-sul-plebiscito-digitale\/\">Lettura e Ratifica del Protocollo di intesa sul Plebiscito Digitale<\/a><\/li>\n<li><a href=\"http:\/\/blog.plebiscito.eu\/repubblica-veneta\/delegazione-dei-10\/commissione-elettorale-federale\/\">Commissione Elettorale Federale<\/a><\/li>\n<\/ol>\n<p style=\"text-align: center;\">2014<\/p>\n<ol>\n<li><a href=\"http:\/\/www.plebiscito.eu\/repubblica-veneta\/delegazione-dei-10\/simbolo-provvisorio-della-repubblica-veneta\/\">Simbolo provvisorio della Repubblica Veneta, 7 maggio 2014<\/a><\/li>\n<li><a href=\"http:\/\/www.plebiscito.eu\/repubblica-veneta\/delegazione-dei-10\/bollettino-ufficiale-telematico-della-repubblica-veneta\/\">Bollettino Ufficiale Telematico della Repubblica Veneta, 7 maggio 2014<\/a><\/li>\n<li><a href=\"http:\/\/www.plebiscito.eu\/repubblica-veneta\/delegazione-dei-10\/elenco-patriottico-della-repubblica-veneta\/\">Elenco Patriottico della Repubblica Veneta, 7 maggio 2014<\/a><\/li>\n<li><a href=\"http:\/\/www.plebiscito.eu\/repubblica-veneta\/delegazione-dei-10\/presidente-della-delegazione-dei-dieci\/\">Presidente della Delegazione dei Dieci, 24 maggio 2014<\/a><\/li>\n<li><a href=\"http:\/\/www.plebiscito.eu\/repubblica-veneta\/delegazione-dei-10\/deleghe-operative-e-funzionali\/\">Deleghe operative e funzionali, 24 giugno 2014<\/a><\/li>\n<li><a href=\"http:\/\/www.plebiscito.eu\/repubblica-veneta\/delegazione-dei-10\/decadenza-dalla-carica-di-delegato\/\">Decadenza dalla carica di Delegato, 12 settembre 2014<\/a><\/li>\n<\/ol>\n<p><strong>Ordinanze\u00a0del Presidente della Delegazione dei 10:<\/strong><\/p>\n<p style=\"text-align: center;\">2016<\/p>\n<ol>\n<li style=\"text-align: left;\"><a href=\"http:\/\/blog.plebiscito.eu\/repubblica-veneta\/presidente\/tesoreria-della-repubblica-veneta\/rinnovo-collegio-di-tesoreria-della-repubblica-veneta\/\" target=\"_blank\">Rinnovo Collegio di Tesoreria della Repubblica Veneta<\/a><\/li>\n<li style=\"text-align: left;\"><a href=\"https:\/\/parlamentoveneto.org\/cms\/progetti\/download.php?id=148&amp;token=v7PqpwLOUVDsZOJURFEoiCd02rfpX7Qj\" target=\"_blank\">Scioglimento Commissione VI<\/a><\/li>\n<li style=\"text-align: left;\"><a href=\"https:\/\/parlamentoveneto.org\/cms\/progetti\/download.php?id=196&amp;token=FrqS77hPStFt1xTc8qJaOXZUZ0QemkdR\" target=\"_blank\">Istituzione Commissione Parlamentare d\u2019inchiesta sui fatti del 1\u00b0 luglio 2016<\/a><\/li>\n<\/ol>\n<p style=\"text-align: center;\">2015<\/p>\n<ol>\n<li><a href=\"http:\/\/blog.plebiscito.eu\/repubblica-veneta\/governo-provvisorio\/\">Ministeri e Comitato Esecutivo del Governo Provvisorio della Repubblica Veneta<\/a><\/li>\n<li><a href=\"http:\/\/blog.plebiscito.eu\/repubblica-veneta\/presidente\/inchiesta-parlamentare-su-commissione-vi\/\">Inchiesta Parlamentare su Commissione VI<\/a><\/li>\n<li><a href=\"http:\/\/blog.plebiscito.eu\/repubblica-veneta\/presidente\/inchiesta-parlamentare-su-commissione-vi\/proroga-inchiesta-parlamentare-su-commissione-vi\/\">Proroga\u00a0Inchiesta Parlamentare su Commissione VI<\/a><\/li>\n<li><a href=\"http:\/\/blog.plebiscito.eu\/repubblica-veneta\/governo-provvisorio-della-repubblica-veneta\/ampliamento-governo-provvisorio\/\" target=\"_blank\">Ampliamento Governo Provvisorio della Repubblica Veneta<\/a><\/li>\n<\/ol>\n<p style=\"text-align: center;\">2014<\/p>\n<ol>\n<li><a href=\"http:\/\/www.plebiscito.eu\/repubblica-veneta\/delegazione-dei-10\/simbolo-provvisorio-della-repubblica-veneta\/\">Tesoreria\u00a0della Repubblica Veneta, 25 agosto\u00a02014<\/a><\/li>\n<li><a href=\"http:\/\/www.plebiscito.eu\/wp-content\/uploads\/2014\/08\/RV-P-O1-2014.pdf\" target=\"_blank\">Dipartimenti\u00a0della Repubblica Veneta,\u00a025 agosto\u00a02014<\/a><\/li>\n<li><a href=\"http:\/\/www.plebiscito.eu\/repubblica-veneta\/presidente\/regolamento-elezioni-primarie-della-repubblica-veneta\/\">Regolamento elezioni primarie della Repubblica Veneta<\/a><\/li>\n<\/ol>\n<p><strong>Membri della Delegazione dei 10 (eletti il\u00a0<a href=\"http:\/\/www.plebiscito.eu\/referendum\/\">21 marzo 2014<\/a>):<\/strong><\/p>\n<ul>\n<li>Gianluca Busato<\/li>\n<li>Stefano Vescovi<\/li>\n<li>Selena Veronese<\/li>\n<li>Gianfranco Favaro<\/li>\n<li>Claudio Rigo<\/li>\n<li>Francesco Marin<\/li>\n<li>Mario Sandrin<\/li>\n<li>Federico Bertoldo<\/li>\n<li>Lidio Gamba<\/li>\n<li>Emanuela Cillo<\/li>\n<\/ul>\n<p>I\u00a0Delegati Claudio Rigo e Francesco Marin\u00a0sono subentrati l&#8217;8 settembre 2014 al posto di Lodovico Pizzati (incompatibile con la carica in quanto residente all&#8217;estero) e Gianluca Panto (incompatibile con la carica in quanto consigliere comunale a Villorba).<\/p>\n<p>Il Delegato Mario Sandrin \u00e8 subentrato il 25 settembre 2014 al posto di Manuel Carraro, dimessosi per infortunio.<\/p>\n<p>Il Delegato Federico Bertoldo\u00a0\u00e8 subentrato il 10 dicembre 2014 al posto di Paolo Bernardini,\u00a0dimessosi.<\/p>\n<p>Il Delegato Domenico Brovazzo\u00a0\u00e8 subentrato il 10 gennaio 2015 al posto di Raffaele Serafini, decaduto in applicazione della <a href=\"http:\/\/www.plebiscito.eu\/repubblica-veneta\/delegazione-dei-10\/decadenza-dalla-carica-di-delegato\/\">Delibera n. 6\/2014<\/a> della Delegazione dei Dieci.<\/p>\n<p>Il Delegato Lidio Gamba \u00e8 subentrato il 23 settembre 2015 al posto di Domenico Brovazzo, dimessosi.<\/p>\n<p>La Delegata Emanuela Cillo \u00e8 subentrata il 10 marzo 2016 al posto di Silvia Gandin, dimessasi.<\/p>\n<p><strong>Coordinatore\u00a0della Delegazione dei 10<\/strong><\/p>\n<p>In applicazione dell&#8217;art. 12 del\u00a0<a href=\"http:\/\/www.plebiscito.eu\/wp-content\/uploads\/2014\/03\/Schema_Giunta_Plebiscito_Comunale_Digitale.pdf\">Regolamento Generale del Plebiscito Digitale<\/a>, il coordinatore della Delegazione dei Dieci \u00e8 il candidato delegato che ha ottenuto il maggior numero di preferenze nel Referendum di indipendenza del Veneto del 16-21 marzo 2014:<\/p>\n<ul>\n<li>Gianluca Busato<\/li>\n<\/ul>\n<p>Il coordinatore \u00e8 il responsabile della convocazione delle riunioni della Delegazione stessa, che si costituisce validamente con la presenza della maggioranza assoluta dei suoi componenti e delibera validamente con la maggioranza dei presenti.<\/p>\n<p><strong>Presidente\u00a0della Delegazione dei 10<\/strong><\/p>\n<p>Il 24 maggio 2014, con propria\u00a0<a href=\"http:\/\/www.plebiscito.eu\/repubblica-veneta\/delegazione-dei-10\/presidente-della-delegazione-dei-dieci\/\" target=\"_blank\">Deliberazione n. 4\/2014<\/a>,\u00a0la Delegazione dei Dieci della Repubblica Veneta ha nominato Gianluca Busato come proprio Presidente.<\/p>\n<p><a href=\"http:\/\/blog.plebiscito.eu\/repubblica-veneta\/delegazione-dei-10\/\" target=\"_blank\">Pagina Ufficiale della Delegazione dei Dieci della Repubblica Veneta<\/a><\/p>\n","protected":false},"excerpt":{"rendered":"<p>Delegazione dei Dieci della Repubblica Veneta La Delegazione dei Dieci \u00e8 il primo organo istituzionale legittimo della Repubblica Veneta e ne costituisce la pi\u00f9 alta magistratura politica. Si \u00e8 insediata\u00a0il 21 marzo 2014 a Treviso, in seguito alla proclamazione dei risultati del Referendum di indipendenza del Veneto del 16-21 marzo 2014. L&#8217;insediamento della Delegazione dei Dieci avviene in applicazione dell&#8217;art.<\/p>\n","protected":false},"author":1,"featured_media":0,"parent":0,"menu_order":0,"comment_status":"closed","ping_status":"closed","template":"","meta":{"jetpack_post_was_ever_published":false,"footnotes":""},"class_list":["post-201","page","type-page","status-publish","hentry"],"aioseo_notices":[],"jetpack_sharing_enabled":true,"jetpack_shortlink":"https:\/\/wp.me\/P6i19K-3f","jetpack_likes_enabled":true,"_links":{"self":[{"href":"https:\/\/parlamentoveneto.org\/cms\/wp-json\/wp\/v2\/pages\/201"}],"collection":[{"href":"https:\/\/parlamentoveneto.org\/cms\/wp-json\/wp\/v2\/pages"}],"about":[{"href":"https:\/\/parlamentoveneto.org\/cms\/wp-json\/wp\/v2\/types\/page"}],"author":[{"embeddable":true,"href":"https:\/\/parlamentoveneto.org\/cms\/wp-json\/wp\/v2\/users\/1"}],"replies":[{"embeddable":true,"href":"https:\/\/parlamentoveneto.org\/cms\/wp-json\/wp\/v2\/comments?post=201"}],"version-history":[{"count":3,"href":"https:\/\/parlamentoveneto.org\/cms\/wp-json\/wp\/v2\/pages\/201\/revisions"}],"predecessor-version":[{"id":210,"href":"https:\/\/parlamentoveneto.org\/cms\/wp-json\/wp\/v2\/pages\/201\/revisions\/210"}],"wp:attachment":[{"href":"https:\/\/parlamentoveneto.org\/cms\/wp-json\/wp\/v2\/media?parent=201"}],"curies":[{"name":"wp","href":"https:\/\/api.w.org\/{rel}","templated":true}]}}